be the first derivative of -2*y**2 - 6*y + 2. List the prime factors of g(p).
2, 3
Suppose 14*i - 37709 = -4361. What are the prime factors of i?
2, 3, 397
Let n be 0 - (4 + (-39 - 2)). Let g = n + -17. List the prime factors of g.
2, 5
Suppose -3*b + 1338 = -3*y + 4*y, 2692 = 2*y - 2*b. List the prime factors of y.
2, 3, 7
Suppose -5*v = 9*o - 8*o - 2909, 4*v = 5*o + 2304. What are the prime factors of v?
7, 83
Suppose -16*w = -78*w + 89714. What are the prime factors of w?
1447
Let r(v) be the second derivative of -v**4/8 + v**3/3 + 5*v**2/2 - v. Let m(p) be the first derivative of r(p). What are the prime factors of m(-5)?
17
Let w = -199 + 260. What are the prime factors of w?
61
Let r be 2/(-6) + (-102)/(-9). Suppose 6*j - 15 = j. Suppose r = g - j*k - k, -3*k = -3. What are the prime factors of g?
3, 5
Suppose 0 = 2*h + a - 3, 5*h + 2*a = 2*h + 2. Suppose 25 = m + h*m. Suppose 3*x = -q + 3 + m, -3*x = -4*q + 2. What are the prime factors of x?
2
Let m(q) = 46*q + 11. Let s(c) = 69*c + 17. Let y(h) = -8*m(h) + 5*s(h). Let z = 240 + -242. What are the prime factors of y(z)?
43
Suppose 0 = -s + 2, 191 = -5*m + 2*s - 4*s. What are the prime factors of 138/8 - m/52?
2, 3
Let m(j) = -j**2 + j + 10. Let q be m(-8). Let b be q/(-4)*(-3 + 1). Let r = b - -55. What are the prime factors of r?
2, 3
Let r = 2182 - 692. Suppose -18*g = -r + 14. List the prime factors of g.
2, 41
Let f = 94 - 91. Suppose f = -y + 49. What are the prime factors of y?
2, 23
Suppose 0 = -55*b + 76*b - 5187. List the prime factors of b.
13, 19
Suppose 0 = 5*m + m - 12. Suppose -2*k - m*k + 536 = 0. What are the prime factors of k?
2, 67
Suppose 0 = 3*b - 31 + 43, k + 2*b + 33 = 0. Let a be (-140)/(-8)*(-56)/(-10). Let z = a + k. What are the prime factors of z?
73
Suppose 0 = 186*d - 188*d + 84. List the prime factors of d.
2, 3, 7
Let j(f) = -3*f**2 - 6. Let c(y) = -y + 1. Let m(q) = -6*c(q) - j(q). Let o be ((-2)/(-1))/((-2)/4). List the prime factors of m(o).
2, 3
Let n = -39 + 87. Suppose 5*j + n = 8*j. Suppose 5*t - 49 = j. What are the prime factors of t?
13
Let g = 13 + -13. Suppose m = 3*m + n - 8, g = -3*m - 2*n + 10. What are the prime factors of m?
2, 3
List the prime factors of 1996 + -4 + 3 + -3.
2, 3, 83
Suppose -2*c + 3*o + 42 = c, -13 = -2*c - 3*o. Let n(z) = -z**2 + 13*z - 14. What are the prime factors of n(c)?
2
Let d be (-21 + 20)/((-2)/(-60)). Let i = d - -37. List the prime factors of i.
7
Let m(j) = 15*j**2 - 5*j - 74. List the prime factors of m(-12).
2, 29, 37
Suppose 46*n = 45*n + 696. Suppose 6*g = 10*g - n. List the prime factors of g.
2, 3, 29
Suppose 0 = -2*f + 106 + 136. Suppose -340 = 19*v - 14*v. Let t = v + f. List the prime factors of t.
53
Suppose i - 65 = -0*h - 5*h, -2*h + 44 = 4*i. Let x(o) = o**2 - 7*o + 3. Let b be x(h). Suppose -4*c + 53 + b = 0. What are the prime factors of c?
29
Let f(r) = 9*r + 5. Let x be f(3). Let l = 56 - x. What are the prime factors of l?
2, 3
Let s = -298 + 752. What are the prime factors of s?
2, 227
Suppose 4*k = 12, 0*a - 2*a - 4*k + 16 = 0. Suppose 0 = 2*f + a*f + 48. Let h(v) = v**2 + 10*v - 14. What are the prime factors of h(f)?
2, 5
Let d(n) = 6*n - 11*n + 9*n**2 - 1 + 4 - n**3 - n**2. What are the prime factors of d(6)?
3, 5
Let h = -15 + 18. Suppose 5*t + 3*k - 196 = -13, 0 = -3*k + h. Suppose r + r = 5*a + 36, 2*r - t = a. List the prime factors of r.
2, 3
What are the prime factors of (-18 - -2)/((-8)/76)?
2, 19
Suppose 0 = 2*q - 11 + 9. What are the prime factors of 2/(q - -1) - -39?
2, 5
Let m be (54/(-21))/(3/(-14)). Let x = 5 - m. Let h(t) = -t**2 - 7*t + 5. List the prime factors of h(x).
5
Let v = -26 - -42. List the prime factors of (536/v)/((6/4)/3).
67
Let i be ((-75)/6 + 4/8)*-1. Suppose -2*u - 2140 = -i*u. What are the prime factors of u?
2, 107
Suppose 5*x + 300 = -745. Let l = x - -307. List the prime factors of l.
2, 7
Let q be (12/(-8))/(9/30). Let c(w) = w**3 + 7*w**2 + 8*w + 5. List the prime factors of c(q).
3, 5
Let r(g) = -g**2 + g + 36. Let h be r(0). Let f(t) = t**3 - 24*t**2 + 23*t + 11. Let o be f(23). Let q = h - o. List the prime factors of q.
5
Let f = -161 - -90. Let c = 147 - f. What are the prime factors of c?
2, 109
Let r = -13 + 16. Let q(b) = -3*b + 4*b - r*b - 12. List the prime factors of q(-7).
2
Suppose -2*j + 0*u = 3*u + 3, -2*j + 3*u + 15 = 0. Suppose j*n = 168 + 132. What are the prime factors of n?
2, 5
Let x(c) = -c**2 + 18*c + 2. Let i be x(14). Let h = 26 + i. What are the prime factors of h?
2, 3, 7
Suppose 0 = -2*d - 2, -3*y + d + 2135 = -4*d. List the prime factors of y.
2, 5, 71
Suppose -33 = 5*h + 2. Let k = h + -20. Let o = k + 29. List the prime factors of o.
2
What are the prime factors of (-6 + 10)*((-13956)/(-8))/3?
2, 1163
Suppose 11 = -4*k + 4*j - 73, 0 = 3*k - j + 57. Let a = -5 - k. What are the prime factors of a?
13
Suppose 3*l - 2*b - 10 = 0, 0*l - 3*l + 7 = -5*b. Suppose -2*r - 182 = -3*r - l*v, 5*r - v = 1015. What are the prime factors of r?
2, 101
What are the prime factors of (-1439)/((-3)/4 + (-36)/(-144))?
2, 1439
Let z be 0 - -1 - -2*1267/14. Suppose 0*q + 4*q - 5*w - 170 = 0, -4*q - w + z = 0. List the prime factors of q.
3, 5
Let g(l) = 2*l + 2 - 2 + l**2. Let z be (-1)/3*18/3 + -2. What are the prime factors of g(z)?
2
Suppose 0 = 3*j + 26*s - 24*s - 3237, -j = -2*s - 1087. What are the prime factors of j?
23, 47
Let v be (2 - (-24)/(-9))*2439/(-6). Let h = -141 + v. What are the prime factors of h?
2, 5, 13
Suppose 0*j - 3 = 3*j - 3*z, 5*j - 2*z + 17 = 0. Let k(c) = 2*c**2 - 3*c + 5. List the prime factors of k(j).
2, 5, 7
Let s be -3*((-8)/(-3))/(-2). Suppose -8*z + 3*z - 15 = -5*h, h = -4*z - 2. Suppose -2*b = -j - s*b + 8, -46 = -2*j + h*b. What are the prime factors of j?
2, 3
Suppose 0*w = -2*r + 4*w + 182, -3*r = -4*w - 277. Let g = 25 - r. Let d = -23 - g. List the prime factors of d.
47
What are the prime factors of (-384)/(((-66)/(-15))/(-11))?
2, 3, 5
Suppose 0 = -5*w - 4*r + 1791, 9*w = 4*w - r + 1779. List the prime factors of w.
5, 71
Suppose 0 = 10*d - 13248 - 23272. List the prime factors of d.
2, 11, 83
Let r be (27/12)/(3/36). Suppose -r = 7*w - 230. Suppose 5*u - 1 = -5*f + w, f = -2*u + 7. List the prime factors of f.
5
Let f(m) = -m - 9. Let p be f(-2). List the prime factors of -2*(1435/2)/p.
5, 41
Let d(n) = -30*n + 2060. List the prime factors of d(0).
2, 5, 103
Let f = 6666 - 2813. List the prime factors of f.
3853
Let d(q) be the second derivative of 109*q**5/10 + 3*q. List the prime factors of d(1).
2, 109
Let o(z) = z**2 + 12*z - 16. Let q be o(22). Let d = -478 + q. What are the prime factors of d?
2, 127
Let s = -53 - -25. Let y be (-4)/(-6)*(s + 22). List the prime factors of (-462)/(-11) + (-2 - y).
2, 11
Let o be (13 - 1)*2/(-5)*-15. Suppose -4*c + 323 = -5*g, -o = -c + 3*g - 0*g. What are the prime factors of c?
3, 29
Suppose -175 = -9*y + 4*y. Suppose 4*p - 204 = 2*n, -n + 204 = 4*p - 5*n. Let f = p - y. List the prime factors of f.
2
What are the prime factors of (33248/28)/(-4 + 210/49)?
2, 1039
Suppose -4*k + 6 = -2. What are the prime factors of ((-141)/(-9) - k) + (-7)/(-21)?
2, 7
Let j(v) = 213*v + 66. List the prime factors of j(3).
3, 5, 47
Suppose 0 = -36*n + 38*n - 916. What are the prime factors of n?
2, 229
Suppose -4*y = z - 435, -3*z = -y + 5*y - 425. Suppose 5*u = -4*f - 70, 5*f - 4*u + y = 43. Let w(c) = -5*c - 24. List the prime factors of w(f).
3, 17
Let q(j) = j**3 - 3*j**2 + j + 1. Let r be q(3). Let i = r - 2. Suppose -5*v + 0*u = 3*u - 9, -4 = i*v + 5*u. What are the prime factors of v?
3
Suppose -8*o = -6*o. Suppose o = -n + l + 241, -3*l = 3*n - 421 - 308. What are the prime factors of n?
2, 11
Let k = 55 - -43. What are the prime factors of 4 - (-1 + (-5 - k))?
2, 3
Suppose 2*d = -3*a + 2273 + 2934, 0 = -4*d + 2*a + 10438. What are the prime factors of d?
2, 163
Let t(l) = 54*l**2 + 20. What are the prime factors of t(-7)?
2, 31, 43
What are the prime factors of ((-28)/49 + 2)/(4/8876)?
2, 5, 317
Let p = -894 - -1578. What are the prime factors of p?
2, 3, 19
Suppose 0*a + 4*a = 72. Let h = -1 - 9. Let k = h + a. What are the prime factors of k?
2
Suppose 4*j - 4576 = -4*i, -6*j + 5*j - 1 = 0. List the prime factors of i.
5, 229
Suppose 0 = 3*r - 5*c - 19, 2